{"id":403,"date":"2025-08-22T23:22:21","date_gmt":"2025-08-22T21:22:21","guid":{"rendered":"https:\/\/gadeskeramik.dk\/index.php\/malecafe-2\/"},"modified":"2026-04-20T19:43:55","modified_gmt":"2026-04-20T17:43:55","slug":"malecafe-2","status":"publish","type":"page","link":"https:\/\/gadeskeramik.dk\/index.php\/malecafe-2\/","title":{"rendered":"Malecaf\u00e9"},"content":{"rendered":"\n\n\n\n\n<p>Kom og hyg dig med at male p\u00e5 kopper, sk\u00e5le og meget mere, uden at skulle lave keramikken selv.<\/p>\n\n\n\n<p>Priser fra 100 kr. til 510 kr.<\/p>\n\n\n\n<p>Hvad kunne du t\u00e6nke dig at male p\u00e5?<\/p>\n\n\n\n\n\n\n\n\n\n\n\n\n\n\n\n\n\n<p>Kom og hyg dig med at male p\u00e5 julekugler og jule oph\u00e6ng, uden at skulle lave keramikken selv.<\/p>\n\n\n\n<p>Priser fra 130 kr. til 200 kr.<\/p>\n\n\n\n<p>Hvad kunne du t\u00e6nke dig at male p\u00e5?<\/p>\n\n\n\n\n\n\n\n\n","protected":false},"excerpt":{"rendered":"<p>Kom og hyg dig med at male p\u00e5 kopper, sk\u00e5le og meget mere, uden at skulle lave keramikken selv. Priser fra 100 kr. til 510 kr. Hvad kunne du t\u00e6nke dig at male p\u00e5? Kom og hyg dig med at male p\u00e5 julekugler og jule oph\u00e6ng, uden at skulle lave keramikken selv. Priser fra 130 [&hellip;]<\/p>\n","protected":false},"author":1,"featured_media":0,"parent":0,"menu_order":0,"comment_status":"closed","ping_status":"closed","template":"","meta":{"saved_in_kubio":true,"footnotes":""},"class_list":["post-403","page","type-page","status-publish","hentry"],"kubio_ai_page_context":{"short_desc":"","purpose":"general"},"yoast_head":"<!-- This site is optimized with the Yoast SEO plugin v26.2 - https:\/\/yoast.com\/wordpress\/plugins\/seo\/ -->\n<title>Malecaf\u00e9 - Gades Keramik<\/title>\n<meta name=\"description\" content=\"Malecafe i mit keramikv\u00e6rksted i Skals. Book en tid p\u00e5 3 timer, hvor du maler p\u00e5 keramik og fordyber dig i kreativitet.\" \/>\n<meta name=\"robots\" content=\"index, follow, max-snippet:-1, max-image-preview:large, max-video-preview:-1\" \/>\n<link rel=\"canonical\" href=\"https:\/\/gadeskeramik.dk\/index.php\/malecafe-2\/\" \/>\n<meta property=\"og:locale\" content=\"da_DK\" \/>\n<meta property=\"og:type\" content=\"article\" \/>\n<meta property=\"og:title\" content=\"Malecaf\u00e9 - Gades Keramik\" \/>\n<meta property=\"og:description\" content=\"Malecafe i mit keramikv\u00e6rksted i Skals. Book en tid p\u00e5 3 timer, hvor du maler p\u00e5 keramik og fordyber dig i kreativitet.\" \/>\n<meta property=\"og:url\" content=\"https:\/\/gadeskeramik.dk\/index.php\/malecafe-2\/\" \/>\n<meta property=\"og:site_name\" content=\"Gades Keramik\" \/>\n<meta property=\"article:modified_time\" content=\"2026-04-20T17:43:55+00:00\" \/>\n<meta property=\"og:image\" content=\"https:\/\/gadeskeramik.dk\/wp-content\/uploads\/2025\/10\/Kop-1-malecafe-Gades-keramik-819x1024.jpg\" \/>\n<meta name=\"twitter:card\" content=\"summary_large_image\" \/>\n<meta name=\"twitter:label1\" content=\"Estimeret l\u00e6setid\" \/>\n\t<meta name=\"twitter:data1\" content=\"8 minutter\" \/>\n<script type=\"application\/ld+json\" class=\"yoast-schema-graph\">{\"@context\":\"https:\/\/schema.org\",\"@graph\":[{\"@type\":\"WebPage\",\"@id\":\"https:\/\/gadeskeramik.dk\/index.php\/malecafe-2\/\",\"url\":\"https:\/\/gadeskeramik.dk\/index.php\/malecafe-2\/\",\"name\":\"Malecaf\u00e9 - Gades Keramik\",\"isPartOf\":{\"@id\":\"https:\/\/gadeskeramik.dk\/#website\"},\"primaryImageOfPage\":{\"@id\":\"https:\/\/gadeskeramik.dk\/index.php\/malecafe-2\/#primaryimage\"},\"image\":{\"@id\":\"https:\/\/gadeskeramik.dk\/index.php\/malecafe-2\/#primaryimage\"},\"thumbnailUrl\":\"https:\/\/gadeskeramik.dk\/wp-content\/uploads\/2025\/10\/Kop-1-malecafe-Gades-keramik-819x1024.jpg\",\"datePublished\":\"2025-08-22T21:22:21+00:00\",\"dateModified\":\"2026-04-20T17:43:55+00:00\",\"description\":\"Malecafe i mit keramikv\u00e6rksted i Skals. Book en tid p\u00e5 3 timer, hvor du maler p\u00e5 keramik og fordyber dig i kreativitet.\",\"breadcrumb\":{\"@id\":\"https:\/\/gadeskeramik.dk\/index.php\/malecafe-2\/#breadcrumb\"},\"inLanguage\":\"da-DK\",\"potentialAction\":[{\"@type\":\"ReadAction\",\"target\":[\"https:\/\/gadeskeramik.dk\/index.php\/malecafe-2\/\"]}]},{\"@type\":\"ImageObject\",\"inLanguage\":\"da-DK\",\"@id\":\"https:\/\/gadeskeramik.dk\/index.php\/malecafe-2\/#primaryimage\",\"url\":\"https:\/\/gadeskeramik.dk\/wp-content\/uploads\/2025\/10\/Kop-1-malecafe-Gades-keramik.jpg\",\"contentUrl\":\"https:\/\/gadeskeramik.dk\/wp-content\/uploads\/2025\/10\/Kop-1-malecafe-Gades-keramik.jpg\",\"width\":1080,\"height\":1350},{\"@type\":\"BreadcrumbList\",\"@id\":\"https:\/\/gadeskeramik.dk\/index.php\/malecafe-2\/#breadcrumb\",\"itemListElement\":[{\"@type\":\"ListItem\",\"position\":1,\"name\":\"Hjem\",\"item\":\"https:\/\/gadeskeramik.dk\/\"},{\"@type\":\"ListItem\",\"position\":2,\"name\":\"Malecaf\u00e9\"}]},{\"@type\":\"WebSite\",\"@id\":\"https:\/\/gadeskeramik.dk\/#website\",\"url\":\"https:\/\/gadeskeramik.dk\/\",\"name\":\"Gades Keramik\",\"description\":\"\",\"publisher\":{\"@id\":\"https:\/\/gadeskeramik.dk\/#\/schema\/person\/913be71aa98727bb1dfcaf4026f794a0\"},\"potentialAction\":[{\"@type\":\"SearchAction\",\"target\":{\"@type\":\"EntryPoint\",\"urlTemplate\":\"https:\/\/gadeskeramik.dk\/?s={search_term_string}\"},\"query-input\":{\"@type\":\"PropertyValueSpecification\",\"valueRequired\":true,\"valueName\":\"search_term_string\"}}],\"inLanguage\":\"da-DK\"},{\"@type\":[\"Person\",\"Organization\"],\"@id\":\"https:\/\/gadeskeramik.dk\/#\/schema\/person\/913be71aa98727bb1dfcaf4026f794a0\",\"name\":\"sidsegade\",\"image\":{\"@type\":\"ImageObject\",\"inLanguage\":\"da-DK\",\"@id\":\"https:\/\/gadeskeramik.dk\/#\/schema\/person\/image\/\",\"url\":\"https:\/\/gadeskeramik.dk\/wp-content\/uploads\/2025\/03\/png-vintergaek-med-farve-og-tekst-beige-3.png\",\"contentUrl\":\"https:\/\/gadeskeramik.dk\/wp-content\/uploads\/2025\/03\/png-vintergaek-med-farve-og-tekst-beige-3.png\",\"width\":3508,\"height\":950,\"caption\":\"sidsegade\"},\"logo\":{\"@id\":\"https:\/\/gadeskeramik.dk\/#\/schema\/person\/image\/\"},\"sameAs\":[\"https:\/\/gadeskeramik.dk\"]}]}<\/script>\n<!-- \/ Yoast SEO plugin. -->","yoast_head_json":{"title":"Malecaf\u00e9 - Gades Keramik","description":"Malecafe i mit keramikv\u00e6rksted i Skals. Book en tid p\u00e5 3 timer, hvor du maler p\u00e5 keramik og fordyber dig i kreativitet.","robots":{"index":"index","follow":"follow","max-snippet":"max-snippet:-1","max-image-preview":"max-image-preview:large","max-video-preview":"max-video-preview:-1"},"canonical":"https:\/\/gadeskeramik.dk\/index.php\/malecafe-2\/","og_locale":"da_DK","og_type":"article","og_title":"Malecaf\u00e9 - Gades Keramik","og_description":"Malecafe i mit keramikv\u00e6rksted i Skals. Book en tid p\u00e5 3 timer, hvor du maler p\u00e5 keramik og fordyber dig i kreativitet.","og_url":"https:\/\/gadeskeramik.dk\/index.php\/malecafe-2\/","og_site_name":"Gades Keramik","article_modified_time":"2026-04-20T17:43:55+00:00","og_image":[{"url":"https:\/\/gadeskeramik.dk\/wp-content\/uploads\/2025\/10\/Kop-1-malecafe-Gades-keramik-819x1024.jpg","type":"","width":"","height":""}],"twitter_card":"summary_large_image","twitter_misc":{"Estimeret l\u00e6setid":"8 minutter"},"schema":{"@context":"https:\/\/schema.org","@graph":[{"@type":"WebPage","@id":"https:\/\/gadeskeramik.dk\/index.php\/malecafe-2\/","url":"https:\/\/gadeskeramik.dk\/index.php\/malecafe-2\/","name":"Malecaf\u00e9 - Gades Keramik","isPartOf":{"@id":"https:\/\/gadeskeramik.dk\/#website"},"primaryImageOfPage":{"@id":"https:\/\/gadeskeramik.dk\/index.php\/malecafe-2\/#primaryimage"},"image":{"@id":"https:\/\/gadeskeramik.dk\/index.php\/malecafe-2\/#primaryimage"},"thumbnailUrl":"https:\/\/gadeskeramik.dk\/wp-content\/uploads\/2025\/10\/Kop-1-malecafe-Gades-keramik-819x1024.jpg","datePublished":"2025-08-22T21:22:21+00:00","dateModified":"2026-04-20T17:43:55+00:00","description":"Malecafe i mit keramikv\u00e6rksted i Skals. Book en tid p\u00e5 3 timer, hvor du maler p\u00e5 keramik og fordyber dig i kreativitet.","breadcrumb":{"@id":"https:\/\/gadeskeramik.dk\/index.php\/malecafe-2\/#breadcrumb"},"inLanguage":"da-DK","potentialAction":[{"@type":"ReadAction","target":["https:\/\/gadeskeramik.dk\/index.php\/malecafe-2\/"]}]},{"@type":"ImageObject","inLanguage":"da-DK","@id":"https:\/\/gadeskeramik.dk\/index.php\/malecafe-2\/#primaryimage","url":"https:\/\/gadeskeramik.dk\/wp-content\/uploads\/2025\/10\/Kop-1-malecafe-Gades-keramik.jpg","contentUrl":"https:\/\/gadeskeramik.dk\/wp-content\/uploads\/2025\/10\/Kop-1-malecafe-Gades-keramik.jpg","width":1080,"height":1350},{"@type":"BreadcrumbList","@id":"https:\/\/gadeskeramik.dk\/index.php\/malecafe-2\/#breadcrumb","itemListElement":[{"@type":"ListItem","position":1,"name":"Hjem","item":"https:\/\/gadeskeramik.dk\/"},{"@type":"ListItem","position":2,"name":"Malecaf\u00e9"}]},{"@type":"WebSite","@id":"https:\/\/gadeskeramik.dk\/#website","url":"https:\/\/gadeskeramik.dk\/","name":"Gades Keramik","description":"","publisher":{"@id":"https:\/\/gadeskeramik.dk\/#\/schema\/person\/913be71aa98727bb1dfcaf4026f794a0"},"potentialAction":[{"@type":"SearchAction","target":{"@type":"EntryPoint","urlTemplate":"https:\/\/gadeskeramik.dk\/?s={search_term_string}"},"query-input":{"@type":"PropertyValueSpecification","valueRequired":true,"valueName":"search_term_string"}}],"inLanguage":"da-DK"},{"@type":["Person","Organization"],"@id":"https:\/\/gadeskeramik.dk\/#\/schema\/person\/913be71aa98727bb1dfcaf4026f794a0","name":"sidsegade","image":{"@type":"ImageObject","inLanguage":"da-DK","@id":"https:\/\/gadeskeramik.dk\/#\/schema\/person\/image\/","url":"https:\/\/gadeskeramik.dk\/wp-content\/uploads\/2025\/03\/png-vintergaek-med-farve-og-tekst-beige-3.png","contentUrl":"https:\/\/gadeskeramik.dk\/wp-content\/uploads\/2025\/03\/png-vintergaek-med-farve-og-tekst-beige-3.png","width":3508,"height":950,"caption":"sidsegade"},"logo":{"@id":"https:\/\/gadeskeramik.dk\/#\/schema\/person\/image\/"},"sameAs":["https:\/\/gadeskeramik.dk"]}]}},"jetpack_sharing_enabled":true,"_links":{"self":[{"href":"https:\/\/gadeskeramik.dk\/index.php\/wp-json\/wp\/v2\/pages\/403","targetHints":{"allow":["GET"]}}],"collection":[{"href":"https:\/\/gadeskeramik.dk\/index.php\/wp-json\/wp\/v2\/pages"}],"about":[{"href":"https:\/\/gadeskeramik.dk\/index.php\/wp-json\/wp\/v2\/types\/page"}],"author":[{"embeddable":true,"href":"https:\/\/gadeskeramik.dk\/index.php\/wp-json\/wp\/v2\/users\/1"}],"replies":[{"embeddable":true,"href":"https:\/\/gadeskeramik.dk\/index.php\/wp-json\/wp\/v2\/comments?post=403"}],"version-history":[{"count":5,"href":"https:\/\/gadeskeramik.dk\/index.php\/wp-json\/wp\/v2\/pages\/403\/revisions"}],"predecessor-version":[{"id":660,"href":"https:\/\/gadeskeramik.dk\/index.php\/wp-json\/wp\/v2\/pages\/403\/revisions\/660"}],"wp:attachment":[{"href":"https:\/\/gadeskeramik.dk\/index.php\/wp-json\/wp\/v2\/media?parent=403"}],"curies":[{"name":"wp","href":"https:\/\/api.w.org\/{rel}","templated":true}]}}